reatest common factor of v and 7.
7
Let y be 16/64 - (-19)/4. What is the greatest common factor of 5 and y?
5
Suppose -r + 16 = 2*v, -r + 12*v = 7*v - 2. Suppose 3*w = 4 - 16, -j - 3*w + 72 = 0. Calculate the highest common factor of j and r.
12
Suppose 0*l + 4*l + 2*f = 438, -5*f = -l + 93. Let g(j) = -3*j + 6. Let s be g(-2). What is the highest common factor of s and l?
12
Let b(w) = -3*w + w**2 - w + 0 - 2. Let t be b(5). Suppose -k = 2*l - 3*l - 2, -2*k + t*l + 4 = 0. Calculate the highest common factor of 14 and k.
2
Let p be 1/(2 + -3 + 2). Let r be (-2 - -1)*(-6 + p). What is the highest common divisor of 35 and r?
5
Let l be (-1)/2 - (-134)/4. Calculate the highest common factor of l and 33.
33
Let f be 17 - (-4 + 0/4). What is the highest common factor of 105 and f?
21
Let n(i) = i**2 - 4*i + 11. Let d be n(0). Let v be (-1 + 2)/(2/242). Calculate the greatest common divisor of d and v.
11
Let h(u) = -u**2 - 4*u + 1. Let w be h(-4). Let a be (w + -3 - -2) + 15. What is the highest common divisor of 135 and a?
15
Let q = 4 - 8. Let x(o) = o + 4. Let k be x(q). Suppose k = 5*f - 17 + 7. Calculate the highest common divisor of f and 4.
2
Let w = -1 - -5. Suppose -4*f = f - p - 57, -w*f + 5*p + 33 = 0. Let z(k) = k + 1. Let x be z(5). Calculate the highest common divisor of f and x.
6
Let f be (12/10)/(6/15). What is the highest common divisor of 33 and f?
3
Suppose j - g - 28 = 4*g, -g - 3 = 0. Let f = 126 + -74. Calculate the highest common factor of f and j.
13
Suppose 9*i = i + 96. What is the greatest common divisor of 4 and i?
4
Let a = 59 + -33. Suppose -s + 2 + a = 0. Calculate the greatest common factor of s and 14.
14
Suppose 0 = 21*a - 14*a - 7. Calculate the greatest common factor of a and 11.
1
Let n = -6 - -12. Suppose n*v - 4*v = 234. What is the greatest common factor of v and 13?
13
Let x(n) = 3*n - 9. Suppose -18 = -2*v + 3*d, -2*v + 9 - 3 = 3*d. Let l be x(v). Calculate the greatest common divisor of 72 and l.
9
Let c = 18 + -10. Calculate the greatest common divisor of 8 and c.
8
Suppose 0*c = 2*c - 20. Let h(w) = -w**3 + 21*w**2 - 34*w + 4. Let t be h(19). Calculate the highest common divisor of t and c.
10
Suppose 2*o + 4*l + 14 = 0, o - 2*l - 22 = -3*o. Suppose 25*t - 90 = 19*t. Calculate the greatest common divisor of t and o.
3
Let z = 481 + -258. Let q = z - 127. Calculate the greatest common divisor of q and 24.
24
Let i(q) be the first derivative of 17*q + 1 + 1/2*q**2. Let v be i(-13). What is the highest common divisor of 16 and v?
4
Let b be (-110)/(-3)*24/10. Suppose 0 = 3*n - y - 19, -5*n + 0*y + 60 = 4*y. Calculate the greatest common factor of b and n.
8
Let l = -23 + 31. Calculate the greatest common divisor of l and 24.
8
Let n = -19 - -28. Let m = 0 - -4. Suppose 0 = 5*i - i - m. What is the greatest common divisor of n and i?
1
Let q(s) = s**3 + 2*s**2 - 2*s - 1. Let a be q(2). Let h(y) = -7*y**2 + 7*y - 6. Let c be h(4). Let z = 167 + c. Calculate the highest common factor of a and z.
11
Suppose -3*o + 37 = 13. Let a = o + -6. What is the highest common divisor of a and 14?
2
Let y be 6*22/(-6)*-1. Let r = -197 + 129. Let w = -2 - r. What is the greatest common divisor of y and w?
22
Suppose -2*j - 35 = -7*j. What is the greatest common divisor of 189 and j?
7
Suppose 0 = 2*w - 3*y - 25, 0 = -5*w + 8*y - 3*y + 55. Let x(n) = -17*n - 1. Let t be x(-1). Calculate the highest common divisor of t and w.
8
Suppose 0 = -5*m + 5*a + 10, -3*a = -6*a + 12. Suppose t = 4*t - m. What is the greatest common factor of 14 and t?
2
Let f be (-563)/(-5) + (-4)/(-10). Suppose -3*q + f = 8. What is the highest common factor of 14 and q?
7
Let w(m) = m**2 + m + 18*m**2 + 3*m**2. Let v be w(1). Let n(j) = 35*j**2 - 2*j + 2. Let u be n(2). What is the greatest common factor of v and u?
23
Let n be 5*(1 + (-9)/(-5)). Let o be ((-4)/5)/((-2)/30). Let s be (-3)/(o/28)*-5. Calculate the highest common divisor of s and n.
7
Let p be (-4)/(-10)*10 + 23. What is the highest common factor of 54 and p?
27
Let h be (-52)/(-7) - 0 - (-32)/56. What is the highest common factor of 2 and h?
2
Let j be 15/10 - 74/(-4). Suppose 6*b = 493 + 827. Calculate the greatest common divisor of b and j.
20
Suppose -2*x = 3*h - 80, -h - 3*x + 7*x + 22 = 0. What is the highest common factor of h and 117?
13
Let u(k) = k + 15. Let p be u(0). What is the greatest common factor of p and 30?
15
Suppose 0 = -3*c - b - 30, 4*b - 38 + 5 = 5*c. Let z be (c/6 - -3)*-12. Let n be (-111)/z + (-1)/6. Calculate the greatest common factor of 3 and n.
3
Let n(c) = -c**3 - c**2 + c + 27. Let m = 0 - -2. Let v = -2 + m. Let u be n(v). What is the highest common factor of 3 and u?
3
Let a = -13 - -25. Let k = 16 - 24. Let m = k + 14. Calculate the greatest common divisor of a and m.
6
Let a = -11 - -14. What is the highest common factor of a and 9?
3
Let v(w) = 2*w**2 + w**2 + w**3 - 3*w - 1 + 5. Let g be v(-4). Suppose -2*z + r = 2, g = -3*z - 4*r + 7 + 12. Calculate the highest common divisor of 11 and z.
1
Let i = 12 - 12. Suppose -m + i*m = -1. Suppose 0 = 2*x - 1 - 1. What is the highest common factor of m and x?
1
Let f(m) = -m - 1. Let z be f(-4). Let q be 6/(-5)*(-100)/z. What is the highest common factor of 10 and q?
10
Let s(h) = 6*h + 14. Let q be s(10). Let t = q + -32. What is the greatest common factor of 21 and t?
21
Let l be (-4)/18 - 460/(-45). Suppose 0 = 4*r + r - l. What is the greatest common factor of r and 3?
1
Let f be (3 - 2)/((-2)/(-26)). Suppose -2*b + 5 = -f. What is the highest common divisor of b and 3?
3
Let w = 44 - -20. What is the highest common factor of 8 and w?
8
Suppose 4*h = 0, -5*h = -3*y - 0*y + 351. What is the highest common divisor of 13 and y?
13
Let b = 117 - 87. Suppose -2*q + 22 = -2. Calculate the greatest common divisor of b and q.
6
Suppose 5*i - 10*i + 55 = 0. Let l = 0 - -3. Suppose 3*y = -4*a + 302, 331 = l*a + 2*y + 104. Calculate the greatest common factor of a and i.
11
Suppose -5*h = -8*h + 180. What is the greatest common divisor of h and 40?
20
Let g(r) = r**3 - 3*r**2 + 3*r + 180. Let w be g(0). Calculate the greatest common factor of w and 45.
45
Let k be (0 - 0)*4/(-8). Let f(b) = b**3 + 8. Let y be f(k). Suppose -57 = -3*t + 5*i, -6*t + 2*i = -5*t - 18. Calculate the highest common factor of t and y.
8
Let h(f) = f - 12. Let v be h(6). Suppose -5 = 6*l - l. Let g = l - v. Calculate the greatest common factor of 45 and g.
5
Let i(v) = -v**2 + 9*v - 1. Let f be i(7). What is the highest common factor of f and 91?
13
Let p = 8 - -25. Calculate the greatest common divisor of p and 363.
33
Let p = 1330 - 938. Let b be p/12 - (-1)/3. Calculate the greatest common divisor of 3 and b.
3
Suppose -2*g = -4*d + 182, -4*d + 24 + 163 = -3*g. Suppose 4*p = -d + 439. What is the greatest common divisor of 9 and p?
9
Suppose 3*l = -4*v + 125, 2*v - 5 = -1. Calculate the greatest common divisor of l and 195.
39
Let n = 650 - 299. What is the highest common factor of 39 and n?
39
Let i(u) = u - 1. Let h be i(12). What is the highest common factor of 77 and h?
11
Let z = -78 + 81. What is the highest common factor of z and 9?
3
Let f(n) = n**2 - 6*n + 6. Let b be f(4). Let q be (-50)/(-4) + 1/b. What is the highest common divisor of q and 4?
4
Suppose -216 = 2*g - 6*g. Suppose -g = -0*f - 3*f. Suppose 0 = -0*c + 3*c - f. What is the greatest common divisor of c and 9?
3
Suppose 3*p - n - 86 = 3*n, -39 = -2*p - n. What is the highest common divisor of p and 176?
22
Suppose -3*w + 5*w = j - 17, w = -5*j + 107. Calculate the greatest common factor of 147 and j.
21
Suppose -191 - 380 = -5*m + 4*t, -3*m + 313 = 5*t. Let p(z) = -64*z - 1. Let y be p(-1). Let g = m - y. Calculate the highest common factor of g and 8.
8
Suppose 2*u + 49 = -3*h, -2*h = -0*u + 2*u + 48. Let w = -20 - u. Calculate the greatest common factor of 33 and w.
3
Suppose -3*v = -3*g + 2*v + 133, -2*v = 3*g - 98. What is the highest common factor of 12 and g?
12
Let p be (-56)/16*(54/(-14) + 1). Calculate the highest common factor of p and 40.
10
Let p = -26 + 48. Suppose -352 = 7*t - 9*t. Calculate the highest common divisor of p and t.
22
Let s(w) = -4*w**3 - 3 - w**3 - w + w**3 + 3*w. Let l be s(-3). What is the greatest common factor of 11 and l?